{"version":"1.0","provider_name":"Kl\u00edma","provider_url":"https:\/\/klima.cafeblog.hu","author_name":"whatsup","author_url":"https:\/\/klima.cafeblog.hu\/author\/olga_koklova\/","title":"\u201cMi\u00e9rt olyan cs\u00fanya minden kl\u00edma?\u201d","html":"<p><img class=\"size-large wp-image-21 aligncenter\" src=\"https:\/\/klima.cafeblog.hu\/files\/2017\/05\/summer-600x296.jpg\" alt=\"\" width=\"600\" height=\"296\" \/><\/p>\r\n<p>Ezt a k\u00e9rd\u00e9st tette fel nekem egy ismer\u0151s\u00f6m, amikor \u00fajs\u00e1goltam neki, hogy <a href=\"http:\/\/www.fisherklima.hu\"><strong>kl\u00edm\u00e1m<\/strong><\/a> lesz, mert m\u00e1r elegem lett a ny\u00e1ri d\u00f6gleszt\u0151 melegb\u0151l a panelben. A k\u00e9rd\u00e9s konkr\u00e9tan \u00fagy hangzott, hogy <em>\u201cVenn\u00e9k \u00e9n is kl\u00edm\u00e1t, de olyan ronda mindegyik, hogy elrontan\u00e1 a nappali \u00f6sszk\u00e9p\u00e9t. Mi\u00e9rt olyan cs\u00fanya minden kl\u00edma?\u201d<\/em><\/p>\r\n<p style=\"text-align: center;\"><!--more--><\/p>\r\n<h3>Bennem is felmer\u00fclt m\u00e1r a k\u00e9rd\u00e9s, hogy milyen \u00f6sszehat\u00e1sa lesz egy kl\u00edm\u00e1val a lak\u00e1snak, azt\u00e1n ahogy elkezdtem keresg\u00e9lni, megnyugodtam, mert m\u00e1ra m\u00e1r sim\u00e1n a lak\u00e1s d\u00edsze lehet egy kl\u00edma, olyan sz\u00e9p kivitelez\u00e9sekkel lehet tal\u00e1lkozni.<\/h3>\r\n<p>Meg\u00e9rtem az ismer\u0151s\u00f6met, mert b\u00e1rmennyire is huszadrang\u00fa k\u00e9rd\u00e9snek t\u0171nik, kl\u00edma v\u00e1laszt\u00e1skor egy\u00e1ltal\u00e1n nem elhanyagolhat\u00f3 <a href=\"https:\/\/en.wikipedia.org\/wiki\/Air_conditioning\">szempont a kl\u00edma<\/a> kin\u00e9zete. Ahogy a kanap\u00e9 v\u00e1s\u00e1rl\u00e1st is milli\u00f3szor k\u00f6rbej\u00e1rjuk, hogy milyen sz\u00edne, form\u00e1ja, huzata, kisug\u00e1rz\u00e1sa van, \u00fagy a kl\u00edm\u00e1val is egy\u00fctt kell \u00e9ln\u00fcnk hossz\u00fa \u00e9vekig, nem mindegy ez\u00e9rt, hogy milyen a k\u00fclseje, amit n\u00e9z\u00fcnk majd minden nap a nappaliban, h\u00e1l\u00f3szob\u00e1ban.<\/p>\r\n<p><img class=\"size-large wp-image-22 aligncenter\" src=\"https:\/\/klima.cafeblog.hu\/files\/2017\/05\/klima1-600x357.jpg\" alt=\"\" width=\"600\" height=\"357\" \/><\/p>\r\n<p>R\u00e9gen m\u00e9g tal\u00e1n igaz is volt az, hogy t\u00fal nagyok, t\u00fal felt\u0171n\u0151ek voltak a berendez\u00e9sek \u00e9s \u00fagy \u00e1ltal\u00e1ban, kil\u00f3gtak a lak\u00e1sb\u00f3l. Olyan \u00e9rz\u00e9s lehetett, mintha a h\u0171t\u0151t be\u00e1ll\u00edtott\u00e1k volna a szoba k\u00f6zep\u00e9re: hasznos, de nincs ott keresnival\u00f3ja. Mostanra azonban megv\u00e1ltozott a helyzet, nemcsak technik\u00e1jukban, de k\u00fclsej\u00fckben is hatalmas fejl\u0151d\u00e9sen mentek kereszt\u00fcl: olyan kl\u00edm\u00e1kkal tal\u00e1lkoztam a kutat\u00f3munk\u00e1m sor\u00e1n, amik lehetnek men\u0151 dekor\u00e1ci\u00f3s elemek b\u00e1rmelyik otthonban.<\/p>\r\n<p>Az \u00e9n v\u00e1laszt\u00e1som p\u00e9ld\u00e1ul egy iPhone arany sz\u00edn\u0171, l\u00e1gy vonalvezet\u00e9s\u0171 kl\u00edm\u00e1ra esett, ami m\u00e9g megy is a falam sz\u00edn\u00e9hez \u00e9s beleolvad a k\u00f6rnyezetbe, mik\u00f6zben csendes eleganci\u00e1t \u00e1raszt. Semmi cs\u00fanya nincs benne, s\u0151t abszol\u00fat d\u00edsz\u00e9re v\u00e1lik a nappalimnak. M\u00e1r megtal\u00e1ltam a hely\u00e9t, s\u0151t hamarosan a beszerel\u00e9sr\u0151l is tudok mutatni k\u00e9peket, de addig m\u00e9g egyel\u0151re a katal\u00f3gusk\u00e9ppel kell megel\u00e9gednetek. Azt hiszem, hogy a kedvencemm\u00e9 v\u00e1lik hamar \u00e9s boldogan fogok vele egy\u00fctt \u00e9lni m\u00e9g \u00e9vekig.<\/p>\r\n<p><img class=\" wp-image-23 aligncenter\" src=\"https:\/\/klima.cafeblog.hu\/files\/2017\/05\/art.jpg\" alt=\"\" width=\"601\" height=\"450\" \/><\/p>","type":"rich"}

Klíma

“Miért olyan csúnya minden klíma?”

<p><img class="size-large wp-image-21 aligncenter" src="https://klima.cafeblog.hu/files/2017/05/summer-600x296.jpg" alt="" width="600" height="296" /></p>
<p>Ezt a kérdést tette fel nekem egy ismerősöm, amikor újságoltam neki, hogy <a href="http://www.fisherklima.hu"><strong>klímám</strong></a> lesz, mert már elegem lett a nyári döglesztő melegből a panelben. A kérdés konkrétan úgy hangzott, hogy <em>“Vennék én is klímát, de olyan ronda mindegyik, hogy elrontaná a nappali összképét. Miért olyan csúnya minden klíma?”</em></p>
<p style="text-align: center;"><!--more--></p>
<h3>Bennem is felmerült már a kérdés, hogy milyen összehatása lesz egy klímával a lakásnak, aztán ahogy elkezdtem keresgélni, megnyugodtam, mert mára már simán a lakás dísze lehet egy klíma, olyan szép kivitelezésekkel lehet találkozni.</h3>
<p>Megértem az ismerősömet, mert bármennyire is huszadrangú kérdésnek tűnik, klíma választáskor egyáltalán nem elhanyagolható <a href="https://en.wikipedia.org/wiki/Air_conditioning">szempont a klíma</a> kinézete. Ahogy a kanapé vásárlást is milliószor körbejárjuk, hogy milyen színe, formája, huzata, kisugárzása van, úgy a klímával is együtt kell élnünk hosszú évekig, nem mindegy ezért, hogy milyen a külseje, amit nézünk majd minden nap a nappaliban, hálószobában.</p>
<p><img class="size-large wp-image-22 aligncenter" src="https://klima.cafeblog.hu/files/2017/05/klima1-600x357.jpg" alt="" width="600" height="357" /></p>
<p>Régen még talán igaz is volt az, hogy túl nagyok, túl feltűnőek voltak a berendezések és úgy általában, kilógtak a lakásból. Olyan érzés lehetett, mintha a hűtőt beállították volna a szoba közepére: hasznos, de nincs ott keresnivalója. Mostanra azonban megváltozott a helyzet, nemcsak technikájukban, de külsejükben is hatalmas fejlődésen mentek keresztül: olyan klímákkal találkoztam a kutatómunkám során, amik lehetnek menő dekorációs elemek bármelyik otthonban.</p>
<p>Az én választásom például egy iPhone arany színű, lágy vonalvezetésű klímára esett, ami még megy is a falam színéhez és beleolvad a környezetbe, miközben csendes eleganciát áraszt. Semmi csúnya nincs benne, sőt abszolút díszére válik a nappalimnak. Már megtaláltam a helyét, sőt hamarosan a beszerelésről is tudok mutatni képeket, de addig még egyelőre a katalógusképpel kell megelégednetek. Azt hiszem, hogy a kedvencemmé válik hamar és boldogan fogok vele együtt élni még évekig.</p>
<p><img class=" wp-image-23 aligncenter" src="https://klima.cafeblog.hu/files/2017/05/art.jpg" alt="" width="601" height="450" /></p>
